he hundreds digit of 5155091625?
6
What is the hundreds digit of 493658706?
7
What is the thousands digit of 51516802?
6
What is the hundred thousands digit of 169514099?
5
What is the tens digit of 3835301977?
7
What is the millions digit of 11184361?
1
What is the units digit of 3564531992?
2
What is the millions digit of 29917171?
9
What is the tens digit of 363107142?
4
What is the thousands digit of 133890547?
0
What is the ten millions digit of 12377469?
1
What is the hundred thousands digit of 197540768?
5
What is the hundred thousands digit of 86277141?
2
What is the tens digit of 436814771?
7
What is the hundred millions digit of 2175050907?
1
What is the tens digit of 361247788?
8
What is the ten millions digit of 177203200?
7
What is the hundreds digit of 41758196?
1
What is the units digit of 5288835?
5
What is the hundred thousands digit of 111779704?
7
What is the thousands digit of 103149129?
9
What is the hundred thousands digit of 5910558371?
5
What is the millions digit of 2265763255?
5
What is the millions digit of 146892908?
6
What is the ten thousands digit of 3819388934?
8
What is the units digit of 72915154?
4
What is the hundred thousands digit of 683024888?
0
What is the hundreds digit of 4682926?
9
What is the hundred millions digit of 1059758445?
0
What is the ten millions digit of 7528011599?
2
What is the ten millions digit of 77965707?
7
What is the ten thousands digit of 304493557?
9
What is the tens digit of 759098643?
4
What is the thousands digit of 1132996216?
6
What is the hundreds digit of 266818440?
4
What is the hundred thousands digit of 12919837?
9
What is the hundred millions digit of 156423330?
1
What is the ten millions digit of 460534981?
6
What is the millions digit of 48054116?
8
What is the hundreds digit of 1627067825?
8
What is the ten millions digit of 103141331?
0
What is the ten millions digit of 49917152?
4
What is the ten thousands digit of 125490728?
9
What is the units digit of 9872063?
3
What is the tens digit of 12054245?
4
What is the hundreds digit of 41296169?
1
What is the hundreds digit of 2267489381?
3
What is the billions digit of 1894425535?
1
What is the hundred thousands digit of 682915513?
9
What is the hundred thousands digit of 34692066?
6
What is the ten thousands digit of 1081007559?
0
What is the units digit of 1007892848?
8
What is the thousands digit of 255211173?
1
What is the hundred thousands digit of 5493067?
4
What is the millions digit of 64748928?
4
What is the billions digit of 4262014962?
4
What is the ten millions digit of 56490727?
5
What is the thousands digit of 26629294?
9
What is the millions digit of 10587442?
0
What is the millions digit of 80365569?
0
What is the ten millions digit of 370800538?
7
What is the ten thousands digit of 221455752?
5
What is the hundred thousands digit of 6733706?
7
What is the thousands digit of 50318025?
8
What is the ten thousands digit of 83590406?
9
What is the tens digit of 8690265647?
4
What is the ten millions digit of 1124833506?
2
What is the thousands digit of 388656854?
6
What is the hundreds digit of 1364705115?
1
What is the ten thousands digit of 161953270?
5
What is the ten thousands digit of 472567336?
6
What is the hundred millions digit of 630429848?
6
What is the ten millions digit of 1650599068?
5
What is the ten thousands digit of 4151521879?
2
What is the hundred thousands digit of 8485223031?
2
What is the units digit of 6225488?
8
What is the ten thousands digit of 844955944?
5
What is the millions digit of 683038049?
3
What is the thousands digit of 1326426435?
6
What is the thousands digit of 1534538697?
8
What is the tens digit of 9502339?
3
What is the hundreds digit of 397354742?
7
What is the ten millions digit of 2127686755?
2
What is the units digit of 783059188?
8
What is the ten millions digit of 48105104?
4
What is the thousands digit of 228011736?
1
What is the hundreds digit of 117885735?
7
What is the thousands digit of 46018441?
8
What is the units digit of 24223976?
6
What is the ten thousands digit of 492214052?
1
What is the tens digit of 112310499?
9
What is the ten millions digit of 1006854314?
0
What is the thousands digit of 29527282?
7
What is the millions digit of 1665249070?
5
What is the units digit of 1433798361?
1
What is the millions digit of 6339860859?
9
What is the thousands digit of 282141472?
1
What is the hundreds digit of 13081555?
5
What is the millions digit of 122733049?
2
What is the tens digit of 40838364?
6
What is the units digit of 49513148?
8
What is the hundred millions digit of 579657653?
5
What is the ten thousands digit of 8140404?
4
What is the hundred thousands digit of 100172905?
1
What is the thousands digit of 5550159941?
9
What is the units digit of 90668856?
6
What is the hundred millions digit of 951933195?
9
What is the hundred thousands digit of 48167112?
1
What is the thousands digit of 229814767?
4
What is the ten thousands digit of 51563481?
6
What is the hundred thousands digit of 355449647?
4
What is the hundred thousands digit of 10763203?
7
What is the millions digit of 729756919?
9
What is the units digit of 24471814?
4
What is the ten millions digit of 14809329?
1
What is the millions digit of 223374027?
3
What is the hundreds digit of 160515626?
6
What is the hundred thousands digit of 569676482?
6
What is the hundred millions digit of 182295860?
1
What is the ten thousands digit of 253922726?
2
What is the units digit of 22397263?
3
What is the hundred millions digit of 196784691?
1
What is the millions digit of 89709681?
9
What is the hundreds digit of 220546400?
4
What is the hundred millions digit of 2030523860?
0
What is the ten millions digit of 669593798?
6
What is the units digit of 37595423?
3
What is the ten thousands digit of 1108308171?
0
What is the hundred thousands digit of 146296152?
2
What is the hundred millions digit of 125952902?
1
What is the hundred millions digit of 5348156019?
3
What is the hundred thousands digit of 738387954?
3
What is the millions digit of 139064909?
9
What is the hundreds digit of 33962612?
6
What is the thousands digit of 9263527?
3
What is the ten millions digit of 63379147?
6
What is the ten thousands digit of 3176585170?
8
What is the hundreds digit of 36708186?
1
What is the millions digit of 7327489?
7
What is the hundreds digit of 3348705884?
8
What is the ten thousands digit of 786951436?
5
What is the ten thousands digit of 33934495?
3
What is the hundred millions digit of 323931603?
3
What is the ten millions digit of 829537491?
2
What is the thousands digit of 216463920?
3
What is the millions digit of 24774228?
4
What is the ten thousands digit of 496198712?
9
What is the ten thousands digit of 50675832?
7
What is the thousands digit of 1619265006?
5
What is the hundred thousands digit of 39048676?
0
What is the units digit of 3819582526?
6
What is the ten thousands digit of 118276003?
7
What is the thousands digit of 919994957?
4
What is the tens digit of 3933151?
5
What is the billions digit of 1437445159?
1
What is the hundreds digit of 343497940?
9
What is the hundred millions digit of 1621745590?
6
What is the thousands digit of 56482824?
2
What is the ten thousands digit of 551481220?
8
What is the thousands digit of 1969748673?
8
What is the ten thousands digit of 180341214?
4
What is the thousands digit of 55572086?
2
What is the ten millions digit of 30457239?
3
What is the ten thousands digit of 1992023538?
2
What is the hundred thousands digit of 121121633?
1
What is the units digit of 45849096?
6
What is the tens digit of 3171277215?
1
What is the hundreds digit of 45938313?
3
What is the units digit of 469883264?
4
What is the hundred thousands digit of 214392139?
3
What is the hundred thousands digit of 117778492?
7
What is the tens digit of 40968000?
0
What is the ten thousands digit of 8629997?
2
What is the hundred thousands digit of 490490354?
4
What is the tens digit of 11796635?
3
What is the units digit of 16225167?
7
What is the hundred thousands digit of 226672893?
6
What is the ten thousands digit of 136957335?
5
What is the ten thousands digit of 36451274?
5
What is the millions digit of 1825122180?
5
What is the hundreds digit of 200896647?
6
W